{"id":102,"date":"2025-12-20T16:42:27","date_gmt":"2025-12-20T15:42:27","guid":{"rendered":"https:\/\/ralflenz-coaching.de\/?page_id=102"},"modified":"2025-12-20T16:42:27","modified_gmt":"2025-12-20T15:42:27","slug":"mentoring-fuer-nachwuchsfuehrungskraefte","status":"publish","type":"page","link":"https:\/\/ralflenz-coaching.de\/?page_id=102","title":{"rendered":"Mentoring f\u00fcr Nachwuchsf\u00fchrungskr\u00e4fte"},"content":{"rendered":"<p data-start=\"290\" data-end=\"350\"><strong data-start=\"290\" data-end=\"350\">Erfahrung nutzen. F\u00fchrung reflektieren. Wirksam handeln.<\/strong><\/p>\n<p data-start=\"352\" data-end=\"578\">Der Einstieg in eine F\u00fchrungsrolle stellt f\u00fcr viele Menschen eine besondere berufliche Phase dar.<br data-start=\"449\" data-end=\"452\" \/>Neue Verantwortung, ver\u00e4nderte Erwartungen und ein Rollenwechsel erfordern Orientierung, Reflexion und pers\u00f6nliche Stabilit\u00e4t.<\/p>\n<p data-start=\"580\" data-end=\"902\">Auf Grundlage von <strong data-start=\"598\" data-end=\"634\">\u00fcber 30 Jahren F\u00fchrungserfahrung<\/strong> begleite ich Nachwuchsf\u00fchrungskr\u00e4fte in ihrer beruflichen Entwicklung. In meinen letzten Berufsjahren habe ich diese Form der Begleitung bereits als Mentor f\u00fcr meine damaligen Arbeitgeber ausge\u00fcbt.<\/p>\n<p data-start=\"580\" data-end=\"902\">Dieses Angebot stelle ich nun auch <strong data-start=\"867\" data-end=\"887\">als freier Coach<\/strong> zur Verf\u00fcgung.<\/p>\n<hr data-start=\"904\" data-end=\"907\" \/>\n<h3 data-start=\"909\" data-end=\"923\">Zielgruppe<\/h3>\n<p data-start=\"925\" data-end=\"955\">Das Mentoring richtet sich an:<\/p>\n<ul data-start=\"957\" data-end=\"1208\">\n<li data-start=\"957\" data-end=\"1003\">\n<p data-start=\"959\" data-end=\"1003\">angehende oder neu ernannte F\u00fchrungskr\u00e4fte<\/p>\n<\/li>\n<li data-start=\"1004\" data-end=\"1055\">\n<p data-start=\"1006\" data-end=\"1055\">Fachkr\u00e4fte im \u00dcbergang in eine Leitungsfunktion<\/p>\n<\/li>\n<li data-start=\"1056\" data-end=\"1132\">\n<p data-start=\"1058\" data-end=\"1132\">F\u00fchrungskr\u00e4fte, die ihre Rolle bewusst und reflektiert gestalten m\u00f6chten<\/p>\n<\/li>\n<li data-start=\"1133\" data-end=\"1208\">\n<p data-start=\"1135\" data-end=\"1208\">Organisationen, die Nachwuchsf\u00fchrungskr\u00e4fte gezielt unterst\u00fctzen wollen<\/p>\n<\/li>\n<\/ul>\n<hr data-start=\"1210\" data-end=\"1213\" \/>\n<h3 data-start=\"1215\" data-end=\"1241\">Inhalte des Mentorings<\/h3>\n<p data-start=\"1243\" data-end=\"1408\">Im Fokus steht die Entwicklung einer <strong data-start=\"1280\" data-end=\"1311\">tragf\u00e4higen F\u00fchrungshaltung<\/strong>, die sowohl den Anforderungen der Organisation als auch der eigenen Pers\u00f6nlichkeit gerecht wird.<\/p>\n<p data-start=\"1410\" data-end=\"1445\">M\u00f6gliche Themen sind unter anderem:<\/p>\n<ul data-start=\"1447\" data-end=\"1828\">\n<li data-start=\"1447\" data-end=\"1494\">\n<p data-start=\"1449\" data-end=\"1494\">Rollenkl\u00e4rung im \u00dcbergang zur F\u00fchrungskraft<\/p>\n<\/li>\n<li data-start=\"1495\" data-end=\"1543\">\n<p data-start=\"1497\" data-end=\"1543\">pers\u00f6nliche Werte und Haltung in der F\u00fchrung<\/p>\n<\/li>\n<li data-start=\"1544\" data-end=\"1608\">\n<p data-start=\"1546\" data-end=\"1608\">Umgang mit Erwartungen, Verantwortung und Entscheidungsdruck<\/p>\n<\/li>\n<li data-start=\"1609\" data-end=\"1654\">\n<p data-start=\"1611\" data-end=\"1654\">Selbststeuerung, Abgrenzung und Resilienz<\/p>\n<\/li>\n<li data-start=\"1655\" data-end=\"1712\">\n<p data-start=\"1657\" data-end=\"1712\">Reflexion von F\u00fchrungsentscheidungen und -situationen<\/p>\n<\/li>\n<li data-start=\"1713\" data-end=\"1774\">\n<p data-start=\"1715\" data-end=\"1774\">Vorbereitung und Nachbereitung herausfordernder Gespr\u00e4che<\/p>\n<\/li>\n<li data-start=\"1775\" data-end=\"1828\">\n<p data-start=\"1777\" data-end=\"1828\">Umgang mit Unsicherheit, Konflikten und Belastung<\/p>\n<\/li>\n<\/ul>\n<p data-start=\"1830\" data-end=\"1893\">Die konkreten Inhalte orientieren sich am individuellen Bedarf.<\/p>\n<hr data-start=\"1895\" data-end=\"1898\" \/>\n<h3 data-start=\"1900\" data-end=\"1916\">Arbeitsweise<\/h3>\n<p data-start=\"1918\" data-end=\"2122\">Die Begleitung erfolgt <strong data-start=\"1941\" data-end=\"1991\">systemisch, ressourcenorientiert und praxisnah<\/strong>.<br data-start=\"1992\" data-end=\"1995\" \/>Ziel ist es, einen professionellen Reflexionsraum zu schaffen, der Klarheit erm\u00f6glicht und pers\u00f6nliche Entwicklung unterst\u00fctzt.<\/p>\n<p data-start=\"2124\" data-end=\"2300\">Das Mentoring versteht sich nicht als Anleitung im Sinne von \u201erichtig oder falsch\u201c, sondern als <strong data-start=\"2220\" data-end=\"2299\">strukturierte Unterst\u00fctzung zur eigenen Positionierung in der F\u00fchrungsrolle<\/strong>.<\/p>\n<hr data-start=\"2302\" data-end=\"2305\" \/>\n<h3 data-start=\"2307\" data-end=\"2318\">Formate<\/h3>\n<p data-start=\"2320\" data-end=\"2384\">Die Zusammenarbeit kann flexibel gestaltet werden, zum Beispiel:<\/p>\n<ul data-start=\"2386\" data-end=\"2588\">\n<li data-start=\"2386\" data-end=\"2419\">\n<p data-start=\"2388\" data-end=\"2419\">als regelm\u00e4\u00dfige Einzeltermine<\/p>\n<\/li>\n<li data-start=\"2420\" data-end=\"2476\">\n<p data-start=\"2422\" data-end=\"2476\">als zeitlich begrenzte Begleitung in \u00dcbergangsphasen<\/p>\n<\/li>\n<li data-start=\"2477\" data-end=\"2526\">\n<p data-start=\"2479\" data-end=\"2526\">als Sparring zu konkreten F\u00fchrungssituationen<\/p>\n<\/li>\n<li data-start=\"2527\" data-end=\"2588\">\n<p data-start=\"2529\" data-end=\"2588\">als erg\u00e4nzendes Angebot zu internen Entwicklungsma\u00dfnahmen<\/p>\n<\/li>\n<\/ul>\n<p data-start=\"2590\" data-end=\"2644\">Die Termine k\u00f6nnen online oder in Pr\u00e4senz stattfinden.<\/p>\n<hr data-start=\"2646\" data-end=\"2649\" \/>\n<h3 data-start=\"2651\" data-end=\"2689\">Nutzen f\u00fcr Nachwuchsf\u00fchrungskr\u00e4fte<\/h3>\n<ul data-start=\"2691\" data-end=\"2930\">\n<li data-start=\"2691\" data-end=\"2744\">\n<p data-start=\"2693\" data-end=\"2744\">h\u00f6here Rollenklarheit und Entscheidungssicherheit<\/p>\n<\/li>\n<li data-start=\"2745\" data-end=\"2797\">\n<p data-start=\"2747\" data-end=\"2797\">reflektierter Umgang mit Verantwortung und Druck<\/p>\n<\/li>\n<li data-start=\"2798\" data-end=\"2849\">\n<p data-start=\"2800\" data-end=\"2849\">Entwicklung einer authentischen F\u00fchrungshaltung<\/p>\n<\/li>\n<li data-start=\"2850\" data-end=\"2885\">\n<p data-start=\"2852\" data-end=\"2885\">St\u00e4rkung pers\u00f6nlicher Resilienz<\/p>\n<\/li>\n<li data-start=\"2886\" data-end=\"2930\">\n<p data-start=\"2888\" data-end=\"2930\">nachhaltige Stabilit\u00e4t im F\u00fchrungsalltag<\/p>\n<\/li>\n<\/ul>\n<hr data-start=\"2932\" data-end=\"2935\" \/>\n<h3 data-start=\"2937\" data-end=\"2948\">Kontakt<\/h3>\n<p data-start=\"2950\" data-end=\"3091\">Gerne kl\u00e4re ich in einem <strong data-start=\"2975\" data-end=\"3007\">unverbindlichen kostenlosen Erstgespr\u00e4ch<\/strong>, ob dieses Mentoring zu Ihrem Anliegen oder zu den Zielen Ihrer Organisation passt.<\/p>\n","protected":false},"excerpt":{"rendered":"<p>Erfahrung nutzen. F\u00fchrung reflektieren. Wirksam handeln. Der Einstieg in eine F\u00fchrungsrolle stellt f\u00fcr viele Menschen eine besondere berufliche Phase dar.Neue Verantwortung, ver\u00e4nderte Erwartungen und ein Rollenwechsel erfordern Orientierung, Reflexion und pers\u00f6nliche Stabilit\u00e4t. Auf Grundlage von \u00fcber 30 Jahren F\u00fchrungserfahrung begleite &hellip; <a href=\"https:\/\/ralflenz-coaching.de\/?page_id=102\">Weiterlesen <span class=\"meta-nav\">&rarr;<\/span><\/a><\/p>\n","protected":false},"author":1,"featured_media":0,"parent":22,"menu_order":0,"comment_status":"closed","ping_status":"closed","template":"","meta":{"footnotes":""},"class_list":["post-102","page","type-page","status-publish","hentry"],"_links":{"self":[{"href":"https:\/\/ralflenz-coaching.de\/index.php?rest_route=\/wp\/v2\/pages\/102","targetHints":{"allow":["GET"]}}],"collection":[{"href":"https:\/\/ralflenz-coaching.de\/index.php?rest_route=\/wp\/v2\/pages"}],"about":[{"href":"https:\/\/ralflenz-coaching.de\/index.php?rest_route=\/wp\/v2\/types\/page"}],"author":[{"embeddable":true,"href":"https:\/\/ralflenz-coaching.de\/index.php?rest_route=\/wp\/v2\/users\/1"}],"replies":[{"embeddable":true,"href":"https:\/\/ralflenz-coaching.de\/index.php?rest_route=%2Fwp%2Fv2%2Fcomments&post=102"}],"version-history":[{"count":2,"href":"https:\/\/ralflenz-coaching.de\/index.php?rest_route=\/wp\/v2\/pages\/102\/revisions"}],"predecessor-version":[{"id":122,"href":"https:\/\/ralflenz-coaching.de\/index.php?rest_route=\/wp\/v2\/pages\/102\/revisions\/122"}],"up":[{"embeddable":true,"href":"https:\/\/ralflenz-coaching.de\/index.php?rest_route=\/wp\/v2\/pages\/22"}],"wp:attachment":[{"href":"https:\/\/ralflenz-coaching.de\/index.php?rest_route=%2Fwp%2Fv2%2Fmedia&parent=102"}],"curies":[{"name":"wp","href":"https:\/\/api.w.org\/{rel}","templated":true}]}}